t b3 (base 13) to base 11.
123
5256 (base 9) to base 8
7422
What is 124110 (base 6) in base 8?
26012
1ce (base 16) to base 5
3322
-101110111 (base 2) to base 14
-1cb
Convert -199 (base 10) to base 5.
-1244
Convert -4410 (base 11) to base 14.
-2199
Convert 107c (base 13) to base 9.
3135
What is -310 (base 11) in base 14?
-1ca
What is -7a1 (base 13) in base 16?
-522
What is 102120 (base 3) in base 12?
220
What is -518 (base 13) in base 6?
-4002
-1006 (base 7) to base 16
-15d
-5c6 (base 14) to base 9
-1522
What is 424 (base 11) in base 4?
13332
29a0 (base 12) to base 6
34320
Convert 1131 (base 4) to base 5.
333
Convert -1621 (base 12) to base 15.
-b97
What is 2403 (base 11) in base 14?
120d
-2cb (base 14) to base 10
-571
What is 1100221222 (base 3) in base 10?
26945
Convert -1010010 (base 3) to base 16.
-32d
What is 2534 (base 13) in base 4?
1102202
15865 (base 10) to base 2
11110111111001
10343 (base 6) to base 5
21211
What is 111100001 (base 2) in base 13?
2b0
What is -3d8 (base 15) in base 8?
-1556
Convert -19d6 (base 14) to base 12.
-2874
Convert -c8d (base 15) to base 11.
-2146
Convert -7550 (base 14) to base 8.
-47442
Convert -122022 (base 3) to base 13.
-29c
-149 (base 14) to base 6
-1113
-564 (base 8) to base 16
-174
4a43 (base 14) to base 6
140055
-1060 (base 8) to base 9
-682
What is -30312 (base 7) in base 6?
-54023
32230 (base 5) to base 14
b26
What is -c33 (base 14) in base 2?
-100101011101
Convert -19a2 (base 14) to base 3.
-20101020
What is 634 (base 11) in base 3?
1001021
Convert -12500 (base 7) to base 3.
-11120102
-110111111101010 (base 2) to base 9
-43263
Convert 7cb4 (base 16) to base 12.
16584
Convert -157 (base 16) to base 2.
-101010111
Convert 33231 (base 4) to base 13.
5c4
What is -375 (base 14) in base 5?
-10231
What is -53101 (base 6) in base 5?
-212130
Convert -4224 (base 5) to base 13.
-345
Convert 5034 (base 7) to base 6.
12020
3a198 (base 11) to base 15
1205b
-10123 (base 4) to base 8
-433
-40342 (base 5) to base 16
-a25
1311020 (base 5) to base 11
18399
What is -7a44 (base 11) in base 13?
-4a76
871 (base 12) to base 16
4d5
Convert -224aa (base 11) to base 12.
-16a04
What is a33 (base 16) in base 2?
101000110011
-101102 (base 3) to base 4
-10121
Convert 1321 (base 8) to base 14.
397
What is -2340 (base 12) in base 3?
-12101210
Convert 222012 (base 3) to base 13.
425
Convert 211012 (base 3) to base 9.
735
What is -200120222 (base 3) in base 7?
-54341
What is 30a (base 14) in base 3?
211011
Convert -d9 (base 15) to base 9.
-246
Convert -22012 (base 3) to base 13.
-140
What is -512 (base 10) in base 15?
-242
a22 (base 15) to base 5
33112
What is -51446 (base 10) in base 9?
-77512
Convert 1231303 (base 4) to base 10.
7027
What is 3218 (base 10) in base 8?
6222
c37a (base 16) to base 13
19a15
-212 (base 11) to base 13
-168
Convert -2089 (base 12) to base 6.
-24253
Convert 12210 (base 3) to base 2.
10011100
What is 20140 (base 6) in base 2?
101001011100
21850 (base 11) to base 5
2003021
Convert -100110120 (base 3) to base 4.
-1223310
What is -4eb6 (base 15) in base 11?
-11702
100001000010 (base 2) to base 16
842
-14221 (base 7) to base 4
-330232
Convert -1 (base 5) to base 4.
-1
-570 (base 10) to base 6
-2350
Convert -21641 (base 10) to base 15.
-662b
121211 (base 3) to base 15
204
Convert 15206 (base 10) to base 2.
11101101100110
817 (base 11) to base 8
1732
-22456 (base 9) to base 16
-3a6b
Convert -1220210 (base 3) to base 5.
-21043
What is -46a (base 11) in base 15?
-275
Convert ab29 (base 12) to base 13.
87a8
Convert 1112322 (base 4) to base 13.
26bb
Convert -535 (base 10) to base 11.
-447
Convert 318 (base 13) to base 12.
380
Convert 11352 (base 6) to base 14.
860
34145 (base 7) to base 16
21d1
12523 (base 9) to base 3
102120210
Convert 1332131 (base 4) to base 3.
102002202
Convert 21301 (base 4) to base 13.
391
110111110111 (base 2) to base 8
6767
What is 55004 (base 7) in base 4?
3112130
What is -24601 (base 7) in base 11?
-4951
158c (base 13) to base 7
12131
Convert -2091 (base 13) to base 10.
-4512
Convert -74273 (base 9) to base 14.
-13c51
What is -1c2f (base 16) in base 7?
-30015
Convert -52035 (base 6) to base 2.
-1101100010111
What is -495a (base 13) in base 11?
-7890
Convert -406 (base 10) to base 3.
-120001
Convert 12011 (base 4) to base 11.
324
Convert -311101 (base 4) to base 2.
-110101010001
-17b3 (base 13) to base 5
-103101
What is 60 (base 9) in base 2?
110110
Convert 1113 (base 5) to base 12.
112
84 (base 15) to base 9
147
-41722 (base 8) to base 12
-a06a
Convert -541 (base 16) to base 9.
-1754
Convert -1643 (base 14) to base 6.
-30231
57635 (base 8) to base 3
1020120120
What is e4e (base 15) in base 16?
c98
Convert 1011222 (base 3) to base 9.
1158
What is -44646 (base 7) in base 6?
-124200
What is -188 (base 12) in base 9?
-305
What is -2b7 (base 14) in base 9?
-674
What is 202140 (base 6) in base 7?
64530
Convert 1262 (base 7) to base 10.
485
703 (base 10) to base 11
58a
Convert 224a1 (base 13) to base 6.
1200311
What is 100100001110100 (base 2) in base 13?
859a
What is 10344 (base 6) in base 13?
862
Convert 205a7 (base 12) to base 14.
115cb
What is 400524 (base 7) in base 5?
4124431
What is 54b (base 13) in base 4?
32030
2447 (base 8) to base 5
20234
Convert -664 (base 7) to base 2.
-101010100
What is -1101333 (base 5) in base 8?
-45030
-253215 (base 6) to base 2
-101100011101011
What is -266 (base 11) in base 9?
-378
Convert 584 (base 12) to base 6.
3444
43054 (base 6) to base 14
21d0
2231323 (base 4) to base 8
25573
Convert 2322 (base 6) to base 2.
1000101010
222d (base 14) to base 15
1b4b
-86851 (base 10) to base 15
-1ab01
6ab (base 12) to base 16
3e3
What is -b2ca (base 14) in base 12?
-1596a
Convert -9686 (base 10) to base 6.
-112502
What is 533 (base 10) in base 16?
215
Convert 5821 (base 11) to base 15.
23eb
Convert -113111 (base 5) to base 13.
-1b79
What is 133a (base 11) in base 7?
5031
Convert -30231 (base 5) to base 12.
-1159
Convert -49b (base 14) to base 2.
-1110011001
What is 2b4d (base 14) in base 10?
7713
Convert 28b8 (base 12) to base 5.
122443
-203230 (base 4) to base 3
-10010121
600 (base 7) to base 14
170
What is 122220122 (base 3) in base 7?
53033
Convert -dc7 (base 16) to base 9.
-4748
1110101101100 (base 2) to base 6
54512
-1b8 (base 15) to base 7
-1106
-491 (base 13) to base 14
-40a
What is 3445 (base 11) in base 7?
16124
10011100111000 (base 2) to base 4
2130320
What is 31343 (base 6) in base 5?
113424
Convert -3300213 (base 4) to base 11.
-1062a
-656 (base 7) to base 16
-14f
Convert -1502 (base 6) to base 8.
-616
52 (base 9) to base 10
47
Convert -528 (base 9) to base 16.
-1af
What is 54136 (base 9) in base 8?
105773
What is -133 (base 12) in base 2?
-10110111
-2725 (base 9) to base 13
-c17
What is -2505 (base 6) in base 7?
-1541
5a73 (base 14) to base 10
15781
Convert -522 (base 6) to base 8.
-302
What is -396 (base 14) in base 11?
-5a5
What is 56 (base 16) in base 11?
79
Convert -2424231 (base 5) to base 10.
-45566
Convert 268 (base 13) to base 12.
2b4
What is 43 (base 7) in base 9?
34
Convert -12690 (base 14) to base 10.
-45206
What is 14786 (base 12) in base 10?
28758
1043332 (base 5) to base 10
18592
What is 1124 (base 6) in base 2?
100001100
3065 (base 8) to base 3
2011212
What is -163644 (base 7) in base 12?
-16a20
What is -5a2 (base 11) in base 13?
-432
Convert -1300131 (base 4) to base 7.
-26661
Convert -16539 (base 10) to base 4.
-10002123
-309 (base 12) to base 13
-27c
What is 120201 (base 6) in base 16?
28c9
-10100101011001 (base 2) to base 10
-10585
-18a (base 12) to base 4
-3322
Convert 225 (base 9) to base 13.
113
Convert -10425 (base 7) to base 4.
-220320
Convert -2c91 (base 16) to base 2.
-10110010010001
What is -10133100 (base 4) in base 15?
-56a9
cfc (base 16) to base 4
303330
What is -4a7 (base 11) in base 16?
-259
Convert 3ada (base 15) to base 14.
4828
Convert -1323c (base 13) to base 15.
-a7e6
13a6 (base 13) to base 2
101100011000
What is 20e5 (base 15) in base 16?
1b35
What is 269 (base 14) in base 10?
485
-2cb2 (base 16) to base 8
-26262
Convert -915b (base 12) to base 13.
-723b
What is 2cb (base 14) in base 16?
23b
What is 1049 (base 11) in base 13?
826
What is -43739 (base 10) in base 3?
-2012222222
Convert -4814 (base 11) to base 2.
-1100010